k + 47. Suppose 8*y - a*y = 37. Let r = 65 + y. What are the prime factors of r?
2, 7
Let l = -18 + 13. Let s(a) = a + 7. Let f be s(l). Suppose f*n - 8 = 2. What are the prime factors of n?
5
Let c(b) be the first derivative of 3*b**4/4 + b**3 - b**2/2 + b - 1. Let a be c(-4). Let p = -83 - a. List the prime factors of p.
2, 7
Suppose 2 + 22 = -6*w. Let i(y) = -2*y - 6. Let r be i(w). Suppose -3*n + 127 = -r. What are the prime factors of n?
43
Let c(j) = -3*j**2 + 49 + 79 + 2*j**2 - 4*j. What are the prime factors of c(0)?
2
Let m = -30 + 21. Let u(o) = o**3 + 11*o**2 + 13*o - 6. What are the prime factors of u(m)?
3, 13
Let v(p) = -p**2 - 10*p + 10. Suppose -6*u = -2 + 56. List the prime factors of v(u).
19
What are the prime factors of 288 - (0 + 0 + -4)?
2, 73
List the prime factors of (-45)/(385/40 + -10).
2, 3, 5
Let f(t) = 4*t**2 - 1. Let v be f(1). Let r(o) = -3 + 8 + 6*o**2 - 5*o - o**2 + v*o**2. What are the prime factors of r(2)?
3
Let j = 1262 - 673. List the prime factors of j.
19, 31
Suppose -5*o - 20 = 0, 3*o = -x - 3*x + 224. Let j = 20 + x. What are the prime factors of j?
79
Let q = 2898 + -1648. What are the prime factors of q?
2, 5
Let h(r) = r**2 + 4*r + 6. Let m be h(-4). Suppose 1665 = -m*t + 15*t. List the prime factors of t.
5, 37
Let a be (-8)/(-10) - 5/(-25). Let o be a/4 - 35/(-4). Suppose o = w - 10. What are the prime factors of w?
19
Suppose 2*c + 4*s - 10 = 0, 4*c + s = -5 - 3. Let k be (-3*(0 + 1))/c. Suppose 3*j - 8 - k = 0. List the prime factors of j.
3
Let d(s) = -2*s**3 - 3*s**2 + s - 4. Let b(c) = 6*c**3 + 9*c**2 - 3*c + 11. Let l(u) = 4*b(u) + 11*d(u). Let o = 1 - -2. What are the prime factors of l(o)?
2, 3, 13
Suppose z - 2*m - 2688 = 0, -15*m + 13458 = 5*z - 19*m. What are the prime factors of z?
2, 3, 449
Let d(p) = -71*p**3 - 4*p**2 - 2*p - 3. What are the prime factors of d(-2)?
7, 79
Let s be 7/1*6/7. Suppose -s*d + 420 = -d. Suppose j + k = -3*j + 105, -3*j + k = -d. What are the prime factors of j?
3
Let i = -12 + 18. Suppose i = -3*c, 5*s + 5*c + 37 - 12 = 0. Let n = s + 12. List the prime factors of n.
3
Let f(a) = -4*a**3 + 5*a - 3*a - 2*a**2 - 3 + 3*a**3. Let w be f(-3). Suppose 3*c - 2*v = 116, 3*c + 4*v + 0*v - 146 = w. List the prime factors of c.
2, 3, 7
Let c(v) = 118*v - 86. What are the prime factors of c(4)?
2, 193
List the prime factors of (-1 - 5)/((-33)/1738) + 1.
317
Let d be (338 - (-3 + 0)) + -5. Suppose 15*z = 459 + d. List the prime factors of z.
53
Let x = 2747 - -170. What are the prime factors of x?
2917
Suppose 0*f + 1500 = 5*f. Suppose -w = v + 2*v - 296, v + f = w. List the prime factors of w.
13, 23
Let y = -29 + 29. Suppose y = 2*v - 5*j + 2 - 44, -175 = -5*v - 5*j. List the prime factors of v.
31
Suppose 5*z = -3*h - 125, h - 5*h + 4*z - 188 = 0. Let k be -84 - 5 - (-4)/(-2). Let l = h - k. List the prime factors of l.
2, 23
What are the prime factors of 1450/(6/(-2) - (-17 + 12))?
5, 29
Let c be 18326/26 - 30/(-195). Let r = c + -493. List the prime factors of r.
2, 53
Suppose 2*f = -2*f + 2324. List the prime factors of f.
7, 83
Suppose 0 = 7*v - 291 - 619. What are the prime factors of v?
2, 5, 13
Let g = -16 + 24. Suppose -323 + 75 = -g*x. What are the prime factors of x?
31
Suppose -4*o + 18 = -938. Suppose -2*n + o = 3*t - 3*n, 2*n = -4. What are the prime factors of t?
79
Let j(v) = 2811*v**2 - 15*v - 12. List the prime factors of j(-1).
2, 3, 7, 67
Suppose -3*s = 8 + 52. Suppose -3*g - 18 = -3. Let i = g - s. What are the prime factors of i?
3, 5
Suppose -1356 = -4*d + 4*a, 3*d - 4*a + 1003 = 6*d. List the prime factors of d.
337
Let v(y) = 0*y - 4 - 11*y - 13*y - 19*y. Let h be v(-2). List the prime factors of h/(-2)*4/(-4).
41
Let t(m) = 152*m + 46. What are the prime factors of t(10)?
2, 3, 29
Let y = -151 + 331. List the prime factors of y.
2, 3, 5
Let y be 14/91 - 50/(-13). Suppose -4 = 4*w - 6*w. Suppose -m = w*a - 85, 4*a + y*m - 176 = -0*a. List the prime factors of a.
41
List the prime factors of 880 + 0/3 + -8.
2, 109
Let s be -4 - (2 + 3 + -75). Let p = 125 - s. What are the prime factors of p?
59
Suppose 0 = -2*d - 2, 4*d - 76 = -p - 33. Let a = 123 - p. What are the prime factors of a?
2, 19
Suppose 6 = -y - 0*y. Let x = 10 + y. Suppose 108 = 4*z - x*f, 0 = z - 3*f - 2*f - 43. What are the prime factors of z?
23
Let o = 123 + -22. Suppose -3*l = 2*s - 0*s - 190, -s - 3*l = -o. What are the prime factors of s?
89
Let n = -28 - -28. Let m(j) = j**2 - 3*j + 116. List the prime factors of m(n).
2, 29
Let d = 2 - -8. Let h(j) = j**3 - 11*j**2 + 10*j + 5. Let n be h(d). Suppose -6*b = -n*b - 17. What are the prime factors of b?
17
Let n(v) = v**2 - 30*v + 1516. List the prime factors of n(0).
2, 379
List the prime factors of (-4)/3 + (-7280)/(-24).
2, 151
Suppose -2*x - 33 = -3*x. Let v be (-828)/42 + (-4)/14. Let u = v + x. List the prime factors of u.
13
Let f(v) = -7*v - 17. Let w be f(-3). Suppose -t + 2 + w = 0. List the prime factors of t.
2, 3
Let q(c) = -c - 5. Let z be q(-7). Suppose -z*m + 2*b = -0*m - 10, -5*b = -3*m + 15. Suppose a + m*a = 162. What are the prime factors of a?
3
Let t = -719 - -1569. Suppose -5*z + t = y, z + 3*y - 197 = -27. Suppose 0 = -4*r + z - 54. What are the prime factors of r?
29
Let r = -21 + 45. Suppose -63 + r = -m. List the prime factors of m.
3, 13
Let d = -36 - -140. Suppose 12 = 3*x + 5*u, 2*x - 6*x + 16 = 3*u. Suppose -x*i - d = -8*i. What are the prime factors of i?
2, 13
Let w = -82 + 73. Let v(o) = -21*o - 25. What are the prime factors of v(w)?
2, 41
Let p be (-24 + 3 - 2)*1. Let i = 99 + p. Suppose 3*b + b = i. What are the prime factors of b?
19
Suppose -3*t - 4*p + 11 = 0, -2*t + 3 = 2*t + 3*p. Let h = t - -6. List the prime factors of h.
3
Let q(c) = -c + 5. Let m be q(-3). Let r be 6/24 + 598/m. Suppose -156 = -3*v + r. What are the prime factors of v?
7, 11
Suppose 3*b - 2 = 22. Suppose 0 = w - b - 40. What are the prime factors of w?
2, 3
Let t(k) = 101*k**2 + 73*k - 1. List the prime factors of t(3).
7, 23
Let l be (-5)/20 + 9/4. Suppose 8 = -3*j + l. Let i = j + 4. List the prime factors of i.
2
Let f be (-1)/(-3 - 224/(-74)). Let q = f - -52. What are the prime factors of q?
3, 5
Let p = -30 + 30. Suppose 5*c - 15 = 0, 5*n + p*n - 380 = 5*c. List the prime factors of n.
79
Let z = 2 + 4. Let d = 15 - z. What are the prime factors of (-14)/(-3)*(-6 + d)?
2, 7
Suppose -b + 7*b = 6624. List the prime factors of b.
2, 3, 23
Let r(l) = l + 7. Let k be r(-6). Let i be (-1 - k)*2/(-1). Suppose 0 = q + 3*z - 21, -5*z + 0*z = i*q - 84. List the prime factors of q.
3, 7
Suppose 0 = 2*v + v - 4*v. What are the prime factors of v - (20/25)/(3/(-285))?
2, 19
Suppose 21*z = -0*z + 7266. List the prime factors of z.
2, 173
List the prime factors of 2366091/2925 - (-4)/50.
809
Let c(m) = 6 + 0*m - 8*m - 69*m**2 + 145*m**2 - 74*m**2. List the prime factors of c(7).
2, 3
List the prime factors of 55/33 + (-28778)/(-6).
2, 2399
Let n(a) = -383*a + 79. List the prime factors of n(-10).
3, 1303
Suppose -8*b + 304 = -6*b + 3*j, 5*b + 5*j = 770. What are the prime factors of b?
2, 79
Let i(p) be the first derivative of -3*p**4/4 - 7*p**3/3 - 6*p + 8. List the prime factors of i(-5).
2, 97
Let g = -1586 + 3019. List the prime factors of g.
1433
Let n be 4/(-6)*45/(-2). Suppose -n*r + 10*r + 30 = 0. Suppose -4*y - b = -36 + r, 3*y = 2*b + 28. List the prime factors of y.
2
Suppose -502 = -3*a + 323. What are the prime factors of a?
5, 11
What are the prime factors of 2 - (-653*(2 - 1) + -2)?
3, 73
Let x = 69 + 33. List the prime factors of x.
2, 3, 17
Suppose -9*g + 4*g = 0. Suppose -239 = 3*y - o, g = -y + 5*y - 2*o + 320. Let j = y - -136. List the prime factors of j.
3, 19
Let l = -103 + 172. Suppose 0 = 5*o - l - 56. Suppose -o = -4*g + 7. List the prime factors of g.
2
Let s(w) = -w**3 + 2*w**2 - 3*w + 2. Let x be s(1). Suppose 7*m - 147 - 42 = x. List the prime factors of m.
3
Let l = -1547 - -2602. List the prime factors of l.
5, 211
Let u be (-4301)/(-68) - (-1)/(-4). Let w = 118 - u. What are the prime factors of w?
5, 11
Suppose -5*c + 489 = 154. Let a be (0 - 0/2) + -48. Let k = a + c. List the prime factors of k.
19
Suppose -3*v + 5*a - 119 = -586, 0 = 4*v - 2*a - 618. What are the prime factors of v?